?
9
Let a(w) = 27*w**2 - 5*w - 6*w**2 + 5*w - 11 - 2*w + w**3. What is the units digit of a(-20)?
9
Suppose -z - o = -5, -4*z + 5*o = -7*z + 25. Suppose 11*g = -z*g + 1727. Suppose -2*u = -g - 95. What is the units digit of u?
6
Let x = -52 - -49. Let z be 3 - x/3 - 4. Suppose p - 4*d - 109 = z, 3*p + 5*d + 0*d = 242. What is the tens digit of p?
8
Suppose -d - 12 = 4*o, -4*o + 5*d + 12 = -0*o. Let t be ((-119)/2 + o)*-2. Let y = t + -82. What is the tens digit of y?
4
Let a(n) = -n**3 + 9*n**2 + 15*n - 15. Let q be a(9). Suppose 0*y + q = -6*y. Let u = y + 200. What is the tens digit of u?
8
Let s = -26982 - -37541. What is the tens digit of s?
5
Suppose 5*c = 5*a + 5735, 10*c + 2298 = -2*a + 8*c. Let q = a - -2563. What is the tens digit of q?
1
Suppose -m = -4*m + 18. Let b = 732 + 13. Suppose m*g = g + b. What is the hundreds digit of g?
1
Suppose -37*n + 32*n = 2*j - 26975, -27015 = -2*j + 3*n. What is the thousands digit of j?
3
Let y(d) = 77*d**2 - 6*d - 7. Let o be y(-2). Let c = 27 + o. What is the tens digit of c?
4
Suppose 0 = -181*t + 335448 + 340587. What is the thousands digit of t?
3
Suppose -942*r + 205163 = -889*r. What is the units digit of r?
1
Let i(x) = 51*x + 35. Let n be i(5). Let r = n + -1. What is the hundreds digit of r?
2
Let k be 4*30/8*2. Let z = -4 + k. What is the hundreds digit of (13/z)/(1/258)?
1
Let y(k) = -6*k**2 - 27*k - 11. Let l(p) = -5*p**2 - 26*p - 10. Let z(h) = 4*l(h) - 3*y(h). What is the units digit of z(-11)?
4
Let k(y) = -30*y + 5. Let b(z) = 89*z - 14. Let o(h) = -4*b(h) - 11*k(h). Let w(i) = -3*i**2 + 46*i + 30. Let r be w(16). What is the units digit of o(r)?
3
Let u(m) = -1026*m + 1463. What is the thousands digit of u(-6)?
7
Let t(b) be the second derivative of -b**5/40 + 3*b**4/8 - 7*b**3/6 + 2*b. Let z(c) be the second derivative of t(c). What is the tens digit of z(-11)?
4
Let y = 20 + -5. Suppose -2*n + 7*n = y. What is the units digit of (13/n)/(9/27)?
3
Let z(j) = 1595*j**2 + 140*j - 691. What is the hundreds digit of z(5)?
8
Suppose 7*q = 3*q. Suppose q = 76*d - 81*d - 5280. What is the tens digit of (-1*d/(-30))/(2/(-10))?
7
What is the units digit of (16216/(-14))/((672/147)/(-16))?
4
Let b = 167 + -110. Suppose 2*p = -2*p - 5*a - 13, -3*p = 2*a + 1. Suppose l - 5*f - 169 = 0, 3*l - 438 = p*f + b. What is the units digit of l?
4
Suppose -142626 = -825*g + 803*g. What is the tens digit of g?
8
Let l = -104 - -104. Suppose l = 5*k - 1031 - 1219. What is the tens digit of k?
5
Let k = 1226 - 282. Let v = k + -369. What is the hundreds digit of v?
5
Suppose 12*y + 40225 = 14*y + 3*n, -n + 60348 = 3*y. What is the hundreds digit of y?
1
Suppose -9*z = -1365 - 25518. What is the tens digit of z?
8
Let x = -4663 - -34576. What is the hundreds digit of x?
9
Let d = -1983 + 4050. What is the hundreds digit of d?
0
Let m be 1*-3 + 15/(75/40). Suppose 2*n - t - 5 = -3*n, -m*n = -4*t - 5. What is the tens digit of (114 + n)/(-9 + 10)?
1
Suppose -4*p + 9*p + 3*j = 74948, 12*j = -p + 15001. What is the thousands digit of p?
4
Suppose -47 = 2*j - 57. Suppose j*m - 3*m = 0. Suppose -4*p + 56 = -m*p. What is the units digit of p?
4
Let t(w) = 165*w**2 + 21*w + 395. What is the tens digit of t(19)?
5
Let o(g) be the second derivative of g**4/12 + g**2 - 10*g. Let z be o(4). What is the tens digit of 40/(-6)*(-7)/(42/z)?
2
Let j = 332 - 330. Suppose -3*t + 3*w + 1161 = 0, -15*w - 774 = -j*t - 10*w. What is the units digit of t?
7
Suppose -4*a = -2*u - 288, 66 = 3*a - 5*u - 150. Let o = 109 - a. What is the tens digit of o?
3
Suppose -590*a - 121338 = -608*a. What is the thousands digit of a?
6
Let s(a) = 15089*a - 59. What is the hundreds digit of s(2)?
1
Suppose 94*n + 39*n - 2983112 = 24*n. What is the thousands digit of n?
7
Suppose 7*m - 71 = -540. Let w = 24 - m. What is the tens digit of w?
9
Let o = 7625 - 4204. What is the hundreds digit of o?
4
Let q(n) be the second derivative of -50*n**3/3 - 29*n**2/2 + 100*n. What is the tens digit of q(-6)?
7
Suppose -11*q = 2*a - 6*q + 610, -a - 298 = -q. What is the hundreds digit of ((-75)/a)/((-1053)/(-1052) + -1)?
2
Let w(p) = -2*p**3 - 44*p**2 + 19*p - 21. Let y be w(-23). What is the tens digit of 266/(-7)*y/(-16)?
2
Let z(y) = y**3 - y**2 - 29*y + 9. Let j be z(6). What is the units digit of (3 + 12)*522/j?
2
Suppose -75672 - 68157 = 2*x - 23*x. What is the units digit of x?
9
Let s(x) = -x**3 + 6*x**2 + 17*x - 21. Let a be s(10). Let u = a - -721. What is the tens digit of u?
7
Let q be (-24)/(-3)*75/12. Suppose 0 = -m - 4, 5*r - 6*m + m - q = 0. Let o(n) = 3*n**2 + 2*n - 11. What is the units digit of o(r)?
9
Suppose 43*d - 169669 = 115550. What is the thousands digit of d?
6
Let u be (-35)/(-4) + (-3)/(-12). Let z be (-201)/15*-1 - 2/5. What is the units digit of -1 - u/(-6) - z/(-2)?
7
Suppose -12*q = -8 - 4. Let b(m) = -67*m + 1. Let h(z) = 1. Let w(a) = -b(a) - 2*h(a). What is the tens digit of w(q)?
6
Let c = 327 + -324. Suppose 10*z + 4237 = 15*z - 4*x, z = c*x + 843. What is the hundreds digit of z?
8
Let o(w) = 9*w**2 - 6*w - 3. Let z be o(3). Suppose q - z = -q. Suppose -d - 72 = -2*y, 2*d + q = 2*y - y. What is the tens digit of y?
3
Let q = 636 - 2949. Let x = 3273 + q. What is the hundreds digit of x?
9
Suppose -4116 = -3*p - v, -108*v - 4116 = -3*p - 105*v. What is the units digit of p?
2
Let g(w) = -116*w**3 - 7*w**2 - 12. Let t be g(-5). Suppose 14*h + 1727 = t. What is the tens digit of h?
9
Suppose 4*m + 5*j = 148695, 0 = 4*m + 4*j - 101358 - 47338. What is the units digit of m?
5
Let z(f) = -930*f + 5428. What is the units digit of z(-17)?
8
Let c(a) = -a + 40. Let w(s) = -41. Let t(l) = -3*c(l) - 2*w(l). Let z be t(14). Suppose -z*i - 74 = -o, -o - 4*i = -4*o + 254. What is the tens digit of o?
9
What is the units digit of 4/(52/(-169)) + 17 - -24705?
9
Let z(m) = -m**3 - 22*m**2 - 35*m + 69. Let o be z(-20). Let p(y) = y**2 + 29*y + 201. What is the tens digit of p(o)?
6
Suppose -81*o + 84*o + 2*z = 6134, 2*o = 2*z + 4096. What is the hundreds digit of o?
0
Suppose -3893 = 16*r - 70437. What is the tens digit of r?
5
Let n(m) = 294*m - 1711. What is the ten thousands digit of n(49)?
1
Let i = -4932 - -7787. What is the units digit of i?
5
Let r be -4*(1/2 + -5). Suppose 4*y = u + 46, -y + 3*u + r = 6*u. What is the tens digit of y?
1
Let k = 15 + -5. Let h be k/((-5)/((-375)/6)). What is the units digit of ((-350)/h)/((-2)/55)?
7
Suppose -3*c - 2*q + 56529 = -20494, -7*c = 2*q - 179699. What is the tens digit of c?
6
Let n(j) = j**3 - 4*j**2 - 6*j + 10. Let f be n(5). Suppose -186 = -7*z + f*z. Suppose 0*y + x - 355 = -4*y, 0 = y - 4*x - z. What is the tens digit of y?
8
Let u(z) = -26*z - 52. Let r(g) = -27*g - 53. Let q(b) = -3*r(b) + 4*u(b). Let y(o) = -o**2 - 4*o + 21. Let h be y(4). What is the units digit of q(h)?
4
Let w(z) = 57*z**2 - 3*z + 16. Let k be w(3). Suppose 11*m - m - k = 0. What is the tens digit of m?
5
Let c(y) = -7*y**3 + 18*y**2 + 30*y - 15. Let n(t) = 3*t**3 - 9*t**2 - 15*t + 7. Let r(p) = 4*c(p) + 9*n(p). What is the hundreds digit of r(-10)?
2
Suppose 0 = 5*s - 2*f - 170865, 3*s = -f - 8782 + 111290. What is the tens digit of s?
7
Suppose -50010 = -7*s + 69690. What is the hundreds digit of s?
1
Let x(l) = l**3 + 3*l**2 - 2*l - 20. Suppose -2*b + y - 9 = -4*b, 0 = 2*b - y - 15. What is the units digit of x(b)?
2
Suppose -350532 = -85*s + 7*s. What is the tens digit of s?
9
Let r(i) = 1196*i + 390. What is the tens digit of r(17)?
2
Suppose -r = -3233 + 583. What is the units digit of r?
0
Let h(f) = -1108*f**3 + 8*f**2 - 8. What is the hundreds digit of h(-2)?
8
Let a = -6091 + 7465. What is the tens digit of a?
7
Let t be (-4)/8*(-13 - -163). Suppose 404 = -2*u + 5*i, 2*i - 199 = u + i. Let m = t - u. What is the hundreds digit of m?
1
Let s(d) = -7*d**2 - 3*d**2 - 3*d + 0*d**3 - 2 + d**3 + 0*d**3 + 13*d**2. What is the units digit of s(-3)?
7
What is the units digit of (-7 - (-5 + 0))/((-72)/491940)?
5
What is the hundreds digit of -2 + (36858/3 - (3 + 1 - 3))?
2
Suppose -15*n + 444440 = -5*n + 10*n. What is the tens digit of n?
2
Suppose 6*d + 31780 = 7*d + 7*x, d - 31720 = 3*x. What is the hundreds digit of d?
7
Suppose 8658 = -5*r - j, -15*j = -r - 11*j - 1740. Let f = r + 2556. What is the